= p - 45. List the prime factors of n.
2, 29
Suppose -2*p + 5*k + 4059 = 0, -14*p = -18*p + 5*k + 8143. What are the prime factors of p?
2, 1021
Suppose -19*l + 2184 + 2471 = 0. List the prime factors of l.
5, 7
Let k(h) = -6*h + 102. Let i be k(17). Suppose 3*j + 2*d - 288 = 191, i = -3*j + 3*d + 489. List the prime factors of j.
7, 23
Suppose -4*u = -l - 2*l - 3559, -2*u + 1776 = 2*l. Let t = u - 477. List the prime factors of t.
2, 103
Suppose 0 = -19*c + 17*c - 5406. Let g = -1664 - c. List the prime factors of g.
1039
Let b(a) = -2*a**3 - 6*a**2 - 10*a + 5. Let c be b(-7). Suppose -3*w + c = 32. Suppose 0 = -5*m + 140 + w. What are the prime factors of m?
3, 19
Let g(n) = -n**3 - 43*n**2 - 39*n + 129. Let i be g(-42). Suppose 4*o - 4105 = w - 707, 0 = o + i*w - 843. List the prime factors of o.
3, 283
Suppose -22*u + 10525 = -17*u + 9*c, 2*c = 4*u - 8374. What are the prime factors of u?
2, 131
Suppose -15851*t + 15879*t - 81424 = 0. What are the prime factors of t?
2, 727
Let y = -22 + 100. Suppose -5*n - y = -4*s, 5*s - 4*n + n - 91 = 0. Suppose -a + s = 5*b - 178, a - 5 = 0. List the prime factors of b.
2, 19
Suppose -164*c - 2110681 + 2093760 = -8519829. List the prime factors of c.
139, 373
Let j(x) = -354*x - 708. Let y be j(-2). Suppose 508 = -3*c + 4*c. Suppose y*t - c = -4*t. List the prime factors of t.
127
Suppose 3*n = 4*m + 10160, 5*n = 134*m - 138*m + 16912. What are the prime factors of n?
2, 3, 47
Let w(s) = 8*s**2 + 8*s - 12. Suppose 3*m + j + 0*j = -23, 44 = -4*m - 4*j. What are the prime factors of w(m)?
2, 3, 19
Let o = 10677 + -6134. List the prime factors of o.
7, 11, 59
Suppose 2*j + 24*k - 26*k = 97948, -3*j + 146954 = 5*k. List the prime factors of j.
2, 3, 907
Suppose -4*p + 3*k + 86227 = 0, -3*k + 53535 = 3*p - 11130. What are the prime factors of p?
2, 17, 317
Let z(w) = w**2 + 2. Suppose 2*j + 2*d - 134 = 0, -118 = 5*j - 2*d - 474. Let m = j + -65. What are the prime factors of z(m)?
3
Let t = -26 - -24. What are the prime factors of ((-6)/108*1347)/(t/12)?
449
Suppose 113 = 8*l - 319. Suppose -p - 3*r + 19 = 0, 5*p + r = p + l. What are the prime factors of (-2)/p + 2007/117?
17
Let n = -418 + 1407. Suppose 5*o - 2468 = -0*o - 4*z, 2*o + z - n = 0. Suppose -8*c + o = -1568. What are the prime factors of c?
2, 3, 43
Suppose 5*l - 36131 = n - 11510, 5*l - 24633 = -2*n. List the prime factors of l.
5, 197
Suppose 2*l = 4*f - 9*f + 1237, 5*l + 4*f = 3067. List the prime factors of (-1480)/(-13) + 94/l.
2, 3, 19
Let f(b) = b**3 + 38*b**2 + 27*b + 151. List the prime factors of f(-11).
3121
Suppose 0 = -5*a + 14 + 16. Suppose 10*r - 3*m = 5*r + 16, 3*m = -a. Suppose 0 = -3*x - 2*w + 421, 0*x - r*w - 425 = -3*x. List the prime factors of x.
3, 47
Let j = -442 + 458. Suppose 8*u + 5208 = j*u. What are the prime factors of u?
3, 7, 31
Suppose 5*o + 2*w = 37, 6*w = 2*w + 4. Let c(j) be the first derivative of j**3/3 - 2*j**2 - 7*j - 31. List the prime factors of c(o).
2, 7
Let n = 3028 + -605. Suppose 4457 = 20*t - n. What are the prime factors of t?
2, 43
Suppose -a + 7*i + 8446 = 0, -2*i = -i - 5. List the prime factors of a.
3, 11, 257
Let t = -474 - -801. List the prime factors of -6*t*(-6)/18.
2, 3, 109
Let d be 2*(3/(-6))/((-4)/8). Suppose d*u = 337 + 187. Suppose 2*f + 3*f - u = 2*a, 100 = 2*f + 4*a. List the prime factors of f.
2, 13
Let c(x) = -x**3 + 19*x**2 + 96*x - 21. What are the prime factors of c(-9)?
3, 461
Let d = 33 + -31. Suppose -w + d*a = -87 + 5, -2*a - 370 = -5*w. What are the prime factors of w?
2, 3
Let n(f) = 283*f**3 + 5*f**2 - 42*f + 150. What are the prime factors of n(4)?
2, 3, 13, 233
Let a(t) = 41*t**2 - 28*t + 5. Let k be a(9). Suppose 0 = 7*l - k - 3758. List the prime factors of l.
2, 61
Suppose -76*g + 741376 = -1429638 + 621982. What are the prime factors of g?
2, 3, 43, 79
Let d(v) = -59*v - 6. Suppose -5*m - 60 = 10*m. What are the prime factors of d(m)?
2, 5, 23
Let b be 1 + 2187 + -8 + 6. Let c = b + -1096. List the prime factors of c.
2, 5, 109
Suppose 0 = 2*i + 167 - 207. Suppose i*v - 246 = 2874. List the prime factors of v.
2, 3, 13
Let z(a) be the first derivative of -a**4/4 - 3*a**3 - 6*a**2 + 7*a + 10. Let n be z(-7). What are the prime factors of 1/((14/(-102))/n)?
3, 17
Let f(p) = 2*p**2 + 5*p + 9. Let r be f(-5). Let i be (-16)/136 + (-472)/r. List the prime factors of (-334)/i*3 - 3/(-7).
2, 3
Suppose -1470 = -2*l + 2*h, 8*h - 3687 = -5*l + 10*h. Let c = l + -442. List the prime factors of c.
3, 11
Suppose -1665800 = -190*o - 189390 + 3070290. What are the prime factors of o?
2, 5, 2393
List the prime factors of (-2)/(-21) + (-4529469)/(-441).
10271
Let b be ((-80)/(-50))/((-1)/(-5))*-43. Let m = b + 603. List the prime factors of m.
7, 37
Let q(n) = n**3 + 11*n**2 - n - 2. Let r be q(-11). Suppose 3 = -r*v + 12. Let i = v - -122. What are the prime factors of i?
3, 41
Let x = 16 + -32. Let n be 9*(x/(-6) + -3). What are the prime factors of ((-2)/((-12)/(-194)))/(1/n)?
97
Let q = 113 + -108. Suppose -z + 3 = 0, 0 = q*k + 11*z - 12*z - 282. What are the prime factors of k?
3, 19
Let v(a) = 178*a**2 + 12*a + 7. Let x(z) = -90*z**2 - 5*z - 3. Let m(l) = -4*v(l) - 9*x(l). Let r be -1*-2*(-2)/4. List the prime factors of m(r).
2, 5
Let r be (-3)/5 - 2/(50/(-3015)). Suppose -4*k - 356 = -2*l - 2*l, 0 = -4*l - k + 336. Let b = r - l. What are the prime factors of b?
5, 7
Suppose i + 2*a + 46 = 0, -6*i + 4*a - 108 = -4*i. Let h = 143 - i. List the prime factors of h.
193
What are the prime factors of (-230)/(-4)*(149720/50)/19?
2, 23, 197
Let v be ((-116)/(-14) - 0) + (-22)/77. Let z be (0 + 0)*(-1 - (-12)/v). Suppose z = -a - 5, 2*m - 3*a - 4 - 21 = 0. What are the prime factors of m?
5
Let n be (-8)/12*36/(-2). What are the prime factors of (-8)/(32/n) + 401 + -1?
397
Suppose -i - q + 2*q = 37, -2*q = 6. List the prime factors of (5/(i/(-668)))/(3/6).
167
Let d = -67904 - -103850. What are the prime factors of d?
2, 3, 1997
List the prime factors of (-98784)/140*70/(-21).
2, 3, 7
Suppose 2*y - 7112 = 2392. List the prime factors of y.
2, 3, 11
Let p(z) = -3*z**2 - z - 7. Let d(x) = -3*x**2 - x - 8. Let k(i) = 3*d(i) - 2*p(i). Let l be k(-4). What are the prime factors of 0*1/(-3) - 0 - l?
2, 3
Let q(o) = 13*o - 73. Let a be q(6). What are the prime factors of a/((-75)/354)*-20?
2, 59
Suppose 57*y - 35485 - 268325 = 0. What are the prime factors of y?
2, 5, 13, 41
Let s = 8 - -34. Suppose -3*q = -s - 168. Suppose -4*v - t - t + q = 0, -3*t - 14 = -v. List the prime factors of v.
17
Let w be (0 - 2)*3*2/(-4). Suppose 5*f - 64 = w*g, -4*f - 4*g + 70 = 6. Suppose f*c + 474 = 20*c. List the prime factors of c.
79
Let p = -7602 - -7962. List the prime factors of p.
2, 3, 5
Suppose 0 = -5*d + k + 6, 0*k = 3*d + 3*k. Let y be ((-10)/(-30))/(d/6). Suppose -6*x = -y*x - 188. List the prime factors of x.
47
Suppose 11187 = -0*r + 11*r. Let n = 1611 - r. What are the prime factors of n?
2, 3, 11
Let p = -60 + 151. Let j = p - 84. Suppose -j*l = -4*l - 495. List the prime factors of l.
3, 5, 11
Let l = -9991 + 14773. What are the prime factors of l?
2, 3, 797
Let i = 11053 + 7146. List the prime factors of i.
18199
Suppose 3*h - 2*x = 335, -6*h - x = -5*h - 110. Let y = -46 + h. Let l = y - 31. What are the prime factors of l?
2, 17
Let h be 6/10 - (-1)/15*21. Suppose -5*x = -5*p - 5, -3 = 2*x - 3*x + 3*p. Suppose 2*g = -4, x = -h*r + 5*g + 327 + 39. List the prime factors of r.
2, 89
Let n = 36776 + -17886. What are the prime factors of n?
2, 5, 1889
Let o be (-1)/(-6) - (-4335)/(-90). Let m = o - -50. Suppose m*g - 34 = g. List the prime factors of g.
2, 17
What are the prime factors of (1/(-3) - 26/(-42)) + 3179888/644?
2, 3, 823
Let x = -10 + 10. Let d(a) = -3*a + 181. Let n be d(x). What are the prime factors of 4 + (-4 - 0) + n?
181
Suppose 65*h + 62*h - 1277970 = 126650. What are the prime factors of h?
2, 5, 7, 79
Let z(x) = 6*x - 12. Let p be z(-4). Let b be (-34)/(-9) + p/(-162). Suppose 5*v + a = 434, 0 = -b*v - 5*a + 357 - 14. List the prime factors of v.
3, 29
Let f = 534 - 542. List the prime factors of 398 + -24 - (0 - f).
2, 3, 61
Suppose -19*s + 12*s - 756 = 0. Let w be ((-16)/9)/(-1) - 24/s. Suppose -2*g = -w*p - g + 271, p + g - 131 = 0. What are the prime fact